{"id":1240,"date":"2013-04-23T08:34:28","date_gmt":"2013-04-23T08:34:28","guid":{"rendered":"http:\/\/dsc.unisa.it\/fimiani\/?page_id=1240"},"modified":"2013-04-23T08:34:28","modified_gmt":"2013-04-23T08:34:28","slug":"office-hours","status":"publish","type":"page","link":"http:\/\/dsc.unisa.it\/fimiani\/index.php\/teaching\/office-hours\/","title":{"rendered":"office hours"},"content":{"rendered":"<p>_<\/p>\n<p>2012\/2013<em><br \/>\n<\/em><strong>Laurea Triennale in Scienze della Comunicazione<\/strong><br \/>\nEstetica e Teorie delle immagini<br \/>\nluned\u00ec 12:30-13:30, marted\u00ec 8:30-9:30, mercoled\u00ec 8:30-9:30<br \/>\n<strong>Laurea Magistrale in Teoria della comunicazione, audiovisivi e societ\u00e0 della conoscenza<\/strong><br \/>\nRetoriche delle immagini<br \/>\nluned\u00ec 13:30-14:30, marted\u00ec 9:30-10:30, mercoled\u00ec 9:30-10:30<\/p>\n","protected":false},"excerpt":{"rendered":"<p>_ 2012\/2013 Laurea Triennale in Scienze della Comunicazione Estetica e Teorie delle immagini luned\u00ec 12:30-13:30, marted\u00ec 8:30-9:30, mercoled\u00ec 8:30-9:30 Laurea Magistrale in Teoria della comunicazione, audiovisivi e societ\u00e0 della conoscenza Retoriche delle immagini luned\u00ec 13:30-14:30, marted\u00ec 9:30-10:30, mercoled\u00ec 9:30-10:30<\/p>\n","protected":false},"author":1,"featured_media":0,"parent":39,"menu_order":0,"comment_status":"closed","ping_status":"closed","template":"","meta":{"footnotes":""},"class_list":["post-1240","page","type-page","status-publish","hentry"],"_links":{"self":[{"href":"http:\/\/dsc.unisa.it\/fimiani\/index.php\/wp-json\/wp\/v2\/pages\/1240","targetHints":{"allow":["GET"]}}],"collection":[{"href":"http:\/\/dsc.unisa.it\/fimiani\/index.php\/wp-json\/wp\/v2\/pages"}],"about":[{"href":"http:\/\/dsc.unisa.it\/fimiani\/index.php\/wp-json\/wp\/v2\/types\/page"}],"author":[{"embeddable":true,"href":"http:\/\/dsc.unisa.it\/fimiani\/index.php\/wp-json\/wp\/v2\/users\/1"}],"replies":[{"embeddable":true,"href":"http:\/\/dsc.unisa.it\/fimiani\/index.php\/wp-json\/wp\/v2\/comments?post=1240"}],"version-history":[{"count":0,"href":"http:\/\/dsc.unisa.it\/fimiani\/index.php\/wp-json\/wp\/v2\/pages\/1240\/revisions"}],"up":[{"embeddable":true,"href":"http:\/\/dsc.unisa.it\/fimiani\/index.php\/wp-json\/wp\/v2\/pages\/39"}],"wp:attachment":[{"href":"http:\/\/dsc.unisa.it\/fimiani\/index.php\/wp-json\/wp\/v2\/media?parent=1240"}],"curies":[{"name":"wp","href":"https:\/\/api.w.org\/{rel}","templated":true}]}}