{"id":21,"date":"2012-11-20T11:54:56","date_gmt":"2012-11-20T10:54:56","guid":{"rendered":"http:\/\/dsc.unisa.it\/lgcwp\/?page_id=21"},"modified":"2013-07-22T09:20:31","modified_gmt":"2013-07-22T07:20:31","slug":"soumission","status":"publish","type":"page","link":"http:\/\/dsc.unisa.it\/lgcwp\/?page_id=21","title":{"rendered":"Soumission"},"content":{"rendered":"<p align=\"center\"><strong>Proc\u00e9dure de soumission<\/strong><\/p>\n<p align=\"center\"><a href=\"https:\/\/www.easychair.org\/conferences\/?conf=lgc2013\" target=\"_blank\">SOUMISSION EN-LIGNE<\/a><\/p>\n<p style=\"text-align: justify;\" align=\"left\">Nous invitons toutes les personnes int\u00e9ress\u00e9es \u00e0 soumettre des articles pour une pr\u00e9sentation de vingt minutes (plus dix minutes de discussion). Les articles doivent \u00eatre anonymes et ne pas d\u00e9passer 8 pages (environ 2000 signes par page), bibliographie et notes de bas de page comprises.<\/p>\n<p style=\"text-align: justify;\" align=\"left\"><a href=\"http:\/\/dsc.unisa.it\/lgcwp\/Template4Word.docx\" target=\"_blank\"><strong>Cliquez <\/strong><strong>ICI<\/strong><strong> pour le format des pre-proceedings. <\/strong><\/a><\/p>\n<p style=\"text-align: justify;\" align=\"left\">Les propositions de communication sont \u00e9valu\u00e9es anonymement par un large comit\u00e9 de s\u00e9lection constitu\u00e9 d\u2019experts internationaux\u00a0; les articles sont soumis \u00e0 des relecteurs choisis en raison de leur sp\u00e9cialit\u00e9. Sauf cas particuliers (article trop long, trop court ou inappropri\u00e9), chaque article est envoy\u00e9 \u00e0 deux relecteurs. La s\u00e9lection finale est faite par le comit\u00e9 scientifique.<\/p>\n<p style=\"text-align: justify;\" align=\"left\"><strong>Session th\u00e9matique :\u00a0<\/strong> Le comit\u00e9 scientifique est charg\u00e9 de r\u00e9partir les articles entre la session g\u00e9n\u00e9rale et la session th\u00e9matique. La taille de la session th\u00e9matique n&#8217;est pas fix\u00e9e \u00e0 l&#8217;avance et peut varier avec le nombre de soumissions \u00e9ligibles.<\/p>\n<p style=\"text-align: justify;\" align=\"left\">Les auteurs peuvent envoyer leur soumission en-ligne ICI. Notez que la proc\u00e9dure de soumission consiste \u00e0 remplir un formulaire incluant un petit r\u00e9sum\u00e9 et \u00e0 attacher l&#8217;article soumis.<\/p>\n<p style=\"text-align: justify;\" align=\"justify\"><strong>Notification: <\/strong>Le r\u00e9sultat est notifi\u00e9 aux auteurs dans un message qui contient les commentaires des relecteurs. Ces commentaires sont envoy\u00e9s aux auteurs pour les aider \u00e0 pr\u00e9parer leur pr\u00e9sentation ou \u00e0 comprendre l&#8217;\u00e9valuation de leur article.<\/p>\n<p style=\"text-align: justify;\" align=\"left\"><strong>Dates importantes<\/strong><\/p>\n<ul style=\"text-align: justify;\">\n<li>Date limite de soumission : <del>22 mai<\/del>\u00a09 juin (dimanche)<\/li>\n<li>Notifications d&#8217;acceptation : <del>22 juin<\/del>\u00a025 juillet (<span style=\"color: #333333; font-style: normal; line-height: 24px;\">jeudi<\/span>)<\/li>\n<li>Derni\u00e8re version des articles : 20 ao\u00fbt\u00a0(mardi)<\/li>\n<li>Colloque : du 10 au 14 septembre 2013.<\/li>\n<\/ul>\n<p style=\"text-align: justify;\" align=\"left\">Les Actes, qui para\u00eetront apr\u00e8s le colloque, seront publi\u00e9s en fran\u00e7ais et en anglais. L\u2019\u00e9diteur, la collection ainsi que la date de soumission de la derni\u00e8re version des articles vous seront communiqu\u00e9s ult\u00e9rieurement. Des pr\u00e9-actes (soit imprim\u00e9s soit \u00e9lectroniques) seront d\u00e9livr\u00e9s au moment de la conf\u00e9rence.<\/p>\n<p style=\"text-align: justify;\" align=\"left\">\u00a0Contacte :<a href=\"mailto:mmonteleone@unisa.it\">Mario Monteleone<\/a>\u00a0\u2013\u00a0<a href=\"mailto:jbaptis@ualg.pt\">Jorge Baptista<\/a><\/p>\n","protected":false},"excerpt":{"rendered":"<p>Proc\u00e9dure de soumission SOUMISSION EN-LIGNE Nous invitons toutes les personnes int\u00e9ress\u00e9es \u00e0 soumettre des articles pour une pr\u00e9sentation de vingt minutes (plus dix minutes de discussion). Les articles doivent \u00eatre anonymes et ne pas d\u00e9passer 8 pages (environ 2000 signes &hellip; <a href=\"http:\/\/dsc.unisa.it\/lgcwp\/?page_id=21\">Continua a leggere<span class=\"meta-nav\">&rarr;<\/span><\/a><\/p>\n","protected":false},"author":1,"featured_media":0,"parent":0,"menu_order":0,"comment_status":"closed","ping_status":"closed","template":"sidebar-page.php","meta":[],"_links":{"self":[{"href":"http:\/\/dsc.unisa.it\/lgcwp\/index.php?rest_route=\/wp\/v2\/pages\/21"}],"collection":[{"href":"http:\/\/dsc.unisa.it\/lgcwp\/index.php?rest_route=\/wp\/v2\/pages"}],"about":[{"href":"http:\/\/dsc.unisa.it\/lgcwp\/index.php?rest_route=\/wp\/v2\/types\/page"}],"author":[{"embeddable":true,"href":"http:\/\/dsc.unisa.it\/lgcwp\/index.php?rest_route=\/wp\/v2\/users\/1"}],"replies":[{"embeddable":true,"href":"http:\/\/dsc.unisa.it\/lgcwp\/index.php?rest_route=%2Fwp%2Fv2%2Fcomments&post=21"}],"version-history":[{"count":16,"href":"http:\/\/dsc.unisa.it\/lgcwp\/index.php?rest_route=\/wp\/v2\/pages\/21\/revisions"}],"predecessor-version":[{"id":167,"href":"http:\/\/dsc.unisa.it\/lgcwp\/index.php?rest_route=\/wp\/v2\/pages\/21\/revisions\/167"}],"wp:attachment":[{"href":"http:\/\/dsc.unisa.it\/lgcwp\/index.php?rest_route=%2Fwp%2Fv2%2Fmedia&parent=21"}],"curies":[{"name":"wp","href":"https:\/\/api.w.org\/{rel}","templated":true}]}}