{"id":44,"date":"2012-11-20T12:43:40","date_gmt":"2012-11-20T11:43:40","guid":{"rendered":"http:\/\/dsc.unisa.it\/lgcwp\/?page_id=44"},"modified":"2013-01-30T11:17:43","modified_gmt":"2013-01-30T10:17:43","slug":"colloques-precedents","status":"publish","type":"page","link":"http:\/\/dsc.unisa.it\/lgcwp\/?page_id=44","title":{"rendered":"Colloques pr\u00e9c\u00e9dents"},"content":{"rendered":"<table width=\"1000\" border=\"0\" cellspacing=\"0\" cellpadding=\"0\">\n<tbody>\n<tr>\n<td bgcolor=\"ccffff\" width=\"30\">1<\/td>\n<td bgcolor=\"ccffff\" width=\"50\">1981<\/td>\n<td bgcolor=\"ccffff\" width=\"250\">Palerme (Italie)<\/td>\n<td rowspan=\"30\" valign=\"top\" width=\"10\"><\/td>\n<td rowspan=\"30\" valign=\"top\" width=\"580\">\n<div align=\"justify\">Ce colloque est le 32\u00e8me d&#8217;une s\u00e9rie annuelle. Le premier, le Colloque europ\u00e9en sur le lexique et la grammaire compar\u00e9s des langues romanes, organis\u00e9 par Alain Guillet et Nunzio La Fauci, s&#8217;est tenu \u00e0 Palerme en septembre 1981.<br \/>\nEn parall\u00e8le avec ces Conf\u00e9rences, des \u00e9quipes de recherche europ\u00e9ennes, et plus tard non europ\u00e9ennes, ont construit des bases de connaissances linguistiques \u00e0 large couverture et des corpus.<br \/>\nAu cours de ces ann\u00e9es, il est progressivement apparu que ces ressources pouvaient servir de base \u00e0 des applications informatiques pour le traitement du texte \u00e9crit.<\/div>\n<\/td>\n<\/tr>\n<tr>\n<td bgcolor=\"ccffff\" width=\"30\">&#8211;<\/td>\n<td bgcolor=\"ccffff\" width=\"50\">1982<\/td>\n<td bgcolor=\"ccffff\" width=\"250\">pas de colloque<\/td>\n<\/tr>\n<tr>\n<td bgcolor=\"ccffff\" width=\"30\">2<\/td>\n<td bgcolor=\"ccffff\" width=\"50\">1983<\/td>\n<td bgcolor=\"ccffff\" width=\"250\">La Croix-en-Touraine (France)<\/td>\n<\/tr>\n<tr>\n<td bgcolor=\"ccffff\" width=\"30\">3<\/td>\n<td bgcolor=\"ccffff\" width=\"50\">1984<\/td>\n<td bgcolor=\"ccffff\" width=\"250\">Boulouris (France)<\/td>\n<\/tr>\n<tr>\n<td bgcolor=\"ccffff\" width=\"30\">4<\/td>\n<td bgcolor=\"ccffff\" width=\"50\">1985<\/td>\n<td bgcolor=\"ccffff\" width=\"250\">Lisbonne (Portugal)<\/td>\n<\/tr>\n<tr>\n<td bgcolor=\"ccffff\" width=\"30\">5<\/td>\n<td bgcolor=\"ccffff\" width=\"50\">1986<\/td>\n<td bgcolor=\"ccffff\" width=\"250\">La Croix-en-Touraine (France)<\/td>\n<\/tr>\n<tr>\n<td bgcolor=\"ccffff\" width=\"30\">6<\/td>\n<td bgcolor=\"ccffff\" width=\"50\">1987<\/td>\n<td bgcolor=\"ccffff\" width=\"250\">Boulouris (France)<\/td>\n<\/tr>\n<tr>\n<td bgcolor=\"ccffff\" width=\"30\">7<\/td>\n<td bgcolor=\"ccffff\" width=\"50\">1988<\/td>\n<td bgcolor=\"ccffff\" width=\"250\">La Croix-en-Touraine (France)<\/td>\n<\/tr>\n<tr>\n<td bgcolor=\"ccffff\" width=\"30\">8<\/td>\n<td bgcolor=\"ccffff\" width=\"50\">1989<\/td>\n<td bgcolor=\"ccffff\" width=\"250\">La Londe les Maures (France)<\/td>\n<\/tr>\n<tr>\n<td bgcolor=\"ccffff\" width=\"30\">9<\/td>\n<td bgcolor=\"ccffff\" width=\"50\">1990<\/td>\n<td bgcolor=\"ccffff\" width=\"250\">La Londe les Maures (France)<\/td>\n<\/tr>\n<tr>\n<td bgcolor=\"ccffff\" width=\"30\">10<\/td>\n<td bgcolor=\"ccffff\" width=\"50\">1991<\/td>\n<td bgcolor=\"ccffff\" width=\"250\">\u00c9vry (France)<\/td>\n<\/tr>\n<tr>\n<td bgcolor=\"ccffff\" width=\"30\">11<\/td>\n<td bgcolor=\"ccffff\" width=\"50\">1992<\/td>\n<td bgcolor=\"ccffff\" width=\"250\">Marne-la-Vall\u00e9e (France)<\/td>\n<\/tr>\n<tr>\n<td bgcolor=\"ccffff\" width=\"30\">12<\/td>\n<td bgcolor=\"ccffff\" width=\"50\">1993<\/td>\n<td bgcolor=\"ccffff\" width=\"250\">La Londe les Maures (France)<\/td>\n<\/tr>\n<tr>\n<td bgcolor=\"ccffff\" width=\"30\">13<\/td>\n<td bgcolor=\"ccffff\" width=\"50\">1994<\/td>\n<td bgcolor=\"ccffff\" width=\"250\">La Londe les Maures (France)<\/td>\n<\/tr>\n<tr>\n<td bgcolor=\"ccffff\" width=\"30\">14<\/td>\n<td bgcolor=\"ccffff\" width=\"50\">1995<\/td>\n<td bgcolor=\"ccffff\" width=\"250\">Tel-Aviv (Isra\u00ebl)<\/td>\n<\/tr>\n<tr>\n<td bgcolor=\"ccffff\" width=\"30\">15<\/td>\n<td bgcolor=\"ccffff\" width=\"50\">1996<\/td>\n<td bgcolor=\"ccffff\" width=\"250\">Munich (Allemagne)<\/td>\n<\/tr>\n<tr>\n<td bgcolor=\"ccffff\" width=\"30\">16<\/td>\n<td bgcolor=\"ccffff\" width=\"50\">1997<\/td>\n<td bgcolor=\"ccffff\" width=\"250\">Louvain-la-Neuve (Belgique)<\/td>\n<\/tr>\n<tr>\n<td bgcolor=\"ccffff\" width=\"30\">17<\/td>\n<td bgcolor=\"ccffff\" width=\"50\">1998<\/td>\n<td bgcolor=\"ccffff\" width=\"250\">Guernesey (Royaume-Uni)<\/td>\n<\/tr>\n<tr>\n<td bgcolor=\"ccffff\" width=\"30\">18<\/td>\n<td bgcolor=\"ccffff\" width=\"50\">1999<\/td>\n<td bgcolor=\"ccffff\" width=\"250\">Salerne (Italie)<\/td>\n<\/tr>\n<tr>\n<td bgcolor=\"ccffff\" width=\"30\">19<\/td>\n<td bgcolor=\"ccffff\" width=\"50\">2000<\/td>\n<td bgcolor=\"ccffff\" width=\"250\"><a href=\"http:\/\/label.ist.utl.pt\/conferences\/2000_coll_XIX\/index.html\" target=\"_blank\">Ericeira (Portugal)<\/a><\/td>\n<\/tr>\n<tr>\n<td bgcolor=\"ccffff\" width=\"30\">20<\/td>\n<td bgcolor=\"ccffff\" width=\"50\">2001<\/td>\n<td bgcolor=\"ccffff\" width=\"250\">Londres (Royaume-Uni)<\/td>\n<\/tr>\n<tr>\n<td bgcolor=\"ccffff\" width=\"30\">21<\/td>\n<td bgcolor=\"ccffff\" width=\"50\">2002<\/td>\n<td bgcolor=\"ccffff\" width=\"250\">Bari (Italie)<\/td>\n<\/tr>\n<tr>\n<td bgcolor=\"ccffff\" width=\"30\">22<\/td>\n<td bgcolor=\"ccffff\" width=\"50\">2003<\/td>\n<td bgcolor=\"ccffff\" width=\"250\"><a href=\"http:\/\/infolingu.univ-mlv.fr\/Colloques\/appel_Salonique.htm\" target=\"_blank\">Thessalonique (Gr\u00e8ce)<\/a><\/td>\n<\/tr>\n<tr>\n<td bgcolor=\"ccffff\" width=\"30\">23<\/td>\n<td bgcolor=\"ccffff\" width=\"50\">2004<\/td>\n<td bgcolor=\"ccffff\" width=\"250\"><a href=\"http:\/\/infolingu.univ-mlv.fr\/Colloques\/CircDeauville.htm\" target=\"_blank\">Deauville (France)<\/a><\/td>\n<\/tr>\n<tr>\n<td bgcolor=\"ccffff\" width=\"30\">24<\/td>\n<td bgcolor=\"ccffff\" width=\"50\">2005<\/td>\n<td bgcolor=\"ccffff\" width=\"250\"><a href=\"http:\/\/infolingu.univ-mlv.fr\/english\/Colloques\/Liverpool\/index.htm\" target=\"_blank\">Liverpool (Royaume-Uni)<\/a><\/td>\n<\/tr>\n<tr>\n<td bgcolor=\"ccffff\" width=\"30\">25<\/td>\n<td bgcolor=\"ccffff\" width=\"50\">2006<\/td>\n<td bgcolor=\"ccffff\" width=\"250\"><a href=\"http:\/\/infolingu.univ-mlv.fr\/Colloques\/Palerme\/index.html\" target=\"_blank\">Palerme (Italie)<\/a><\/td>\n<\/tr>\n<tr>\n<td bgcolor=\"ccffff\" width=\"30\">26<\/td>\n<td bgcolor=\"ccffff\" width=\"50\">2007<\/td>\n<td bgcolor=\"ccffff\" width=\"250\"><a href=\"http:\/\/infolingu.univ-mlv.fr\/Colloques\/Bonifacio\/index.html\" target=\"_blank\">Bonifacio (France)<\/a><\/td>\n<\/tr>\n<tr>\n<td bgcolor=\"ccffff\" width=\"30\">27<\/td>\n<td bgcolor=\"ccffff\" width=\"50\">2008<\/td>\n<td bgcolor=\"ccffff\" width=\"250\"><a href=\"http:\/\/infolingu.univ-mlv.fr\/Colloques\/lgc\/index.php?year=2008\" target=\"_blank\">L&#8217;Aquila (Italie)<\/a><\/td>\n<\/tr>\n<tr>\n<td bgcolor=\"ccffff\" width=\"30\">28<\/td>\n<td bgcolor=\"ccffff\" width=\"50\">2009<\/td>\n<td bgcolor=\"ccffff\" width=\"250\"><a href=\"http:\/\/infolingu.univ-mlv.fr\/Colloques\/lgc\/index.php?year=2009\" target=\"_blank\">Bergen (Norv\u00e8ge)<\/a><\/td>\n<\/tr>\n<tr>\n<td bgcolor=\"ccffff\" width=\"30\">29<\/td>\n<td bgcolor=\"ccffff\" width=\"50\">2010<\/td>\n<td bgcolor=\"ccffff\" width=\"250\"><a href=\"http:\/\/lgc2010.matf.bg.ac.rs\/\" target=\"_blank\">Belgrade (Serbie)<\/a><\/td>\n<\/tr>\n<tr>\n<td bgcolor=\"ccffff\" width=\"30\">30<\/td>\n<td bgcolor=\"ccffff\" width=\"50\">2011<\/td>\n<td bgcolor=\"ccffff\" width=\"250\"><a href=\"http:\/\/infolingu.univ-mlv.fr\/Colloques\/lgc\/index.php?year=2011&amp;lang=fr&amp;page=0\" target=\"_blank\">Nicosie (Chypre)<\/a><\/td>\n<\/tr>\n<tr>\n<td bgcolor=\"ccffff\" width=\"30\">31<\/td>\n<td bgcolor=\"ccffff\" width=\"50\">2012<\/td>\n<td bgcolor=\"ccffff\" width=\"250\"><a href=\"http:\/\/dsc.unisa.it\/lgc\/\" target=\"_blank\">Nov\u00e9 Hrady (R\u00e9publique Tch\u00e8que)<\/a><\/td>\n<\/tr>\n<\/tbody>\n<\/table>\n","protected":false},"excerpt":{"rendered":"<p>1 1981 Palerme (Italie) Ce colloque est le 32\u00e8me d&#8217;une s\u00e9rie annuelle. Le premier, le Colloque europ\u00e9en sur le lexique et la grammaire compar\u00e9s des langues romanes, organis\u00e9 par Alain Guillet et Nunzio La Fauci, s&#8217;est tenu \u00e0 Palerme en &hellip; <a href=\"http:\/\/dsc.unisa.it\/lgcwp\/?page_id=44\">Continua a leggere<span class=\"meta-nav\">&rarr;<\/span><\/a><\/p>\n","protected":false},"author":1,"featured_media":0,"parent":0,"menu_order":0,"comment_status":"closed","ping_status":"closed","template":"sidebar-page.php","meta":[],"_links":{"self":[{"href":"http:\/\/dsc.unisa.it\/lgcwp\/index.php?rest_route=\/wp\/v2\/pages\/44"}],"collection":[{"href":"http:\/\/dsc.unisa.it\/lgcwp\/index.php?rest_route=\/wp\/v2\/pages"}],"about":[{"href":"http:\/\/dsc.unisa.it\/lgcwp\/index.php?rest_route=\/wp\/v2\/types\/page"}],"author":[{"embeddable":true,"href":"http:\/\/dsc.unisa.it\/lgcwp\/index.php?rest_route=\/wp\/v2\/users\/1"}],"replies":[{"embeddable":true,"href":"http:\/\/dsc.unisa.it\/lgcwp\/index.php?rest_route=%2Fwp%2Fv2%2Fcomments&post=44"}],"version-history":[{"count":18,"href":"http:\/\/dsc.unisa.it\/lgcwp\/index.php?rest_route=\/wp\/v2\/pages\/44\/revisions"}],"predecessor-version":[{"id":174,"href":"http:\/\/dsc.unisa.it\/lgcwp\/index.php?rest_route=\/wp\/v2\/pages\/44\/revisions\/174"}],"wp:attachment":[{"href":"http:\/\/dsc.unisa.it\/lgcwp\/index.php?rest_route=%2Fwp%2Fv2%2Fmedia&parent=44"}],"curies":[{"name":"wp","href":"https:\/\/api.w.org\/{rel}","templated":true}]}}