{"id":63,"date":"2012-11-20T13:43:54","date_gmt":"2012-11-20T12:43:54","guid":{"rendered":"http:\/\/dsc.unisa.it\/lgcwp\/?page_id=63"},"modified":"2013-01-30T12:14:46","modified_gmt":"2013-01-30T11:14:46","slug":"informations-pratiques","status":"publish","type":"page","link":"http:\/\/dsc.unisa.it\/lgcwp\/?page_id=63","title":{"rendered":"Informations pratiques"},"content":{"rendered":"<p style=\"text-align: justify;\"><strong>Comment arriver \u00e0<\/strong><strong> Faro:<\/strong><\/p>\n<p style=\"text-align: justify;\">Faro (FAO) a\u00e9roport peut \u00eatre atteint \u00e0 partir de toutes les grandes villes europ\u00e9ennes\u00a0et il ya plusieurs connexions par Lisbonne.<br \/>\nVous pouvez \u00e9galement prendre un train ou un bus de Lisbonne (3 heures). Les trains partent de Lisbonne de la &#8220;Gare do Oriente&#8221;, alors que les bus partent de la gare\u00a0 de &#8220;Sete Rios&#8221;. Le prix des billets est d&#8217;environ 20,00 \u00e0 30,00 EUR.<\/p>\n<p><em>De l&#8217;a\u00e9roport de<\/em><em> Faro \u00e0 Faro:<br \/>\n<\/em>La meilleure fa\u00e7on est de prendre un taxi (tarif d&#8217;environs 10,00 \u20ac); vous pouvez aussi prendre un bus (ligne 16) (tarif 1,95\u00a0\u20ac).<\/p>\n<p style=\"text-align: justify;\">De Faro \u00e0 l&#8217;Universit\u00e9 de l&#8217;Algarve au CAMPUS DE Gambelas:<br \/>\nLa meilleure fa\u00e7on est de prendre le bus \u00e0 partir de l&#8217;un des arr\u00eats de bus au centre-ville (lignes 15 ou 18) (tarif 1,95\u00a0\u20ac).<\/p>\n<p>S&#8217;il vous pla\u00eet, ne pas confondre les campi universitaires\u00a0(l&#8217;Universit\u00e9 a trois campi \u00e0 Faro)!<br \/>\nVous \u00eates cens\u00e9s de vous adresser au Campus de Gambelas. S&#8217;il vous pla\u00eet, veuillez envisager au moins 30 min. du centre-ville \u00e0 l&#8217;Universit\u00e9.<\/p>\n<p style=\"text-align: justify;\">Une fois arriv\u00e9s\u00a0sur le campus (dernier arr\u00eat), demander son chemin: Faculdade de Ci\u00eancias Humanas e Sociais (FCHS), B\u00e2timent 1.<\/p>\n<p style=\"text-align: justify;\"><strong>Quelques contacts utiles:<\/strong><\/p>\n<p style=\"text-align: justify;\">Faculdade de Ci\u00eancias Humanas e Sociais: +351.289.800.914<br \/>\nPharmacy PENHA: +351.289.822.342<br \/>\nAirport: +351.289.800.800<br \/>\nTaxi (AutoFaro): +351.289.822.275<br \/>\nTaxi (Rotaxi): +351.289.895.795<br \/>\nPolice (PSP): +351.289.822.022<br \/>\nHospital: +351.289.891.100<\/p>\n<p style=\"text-align: justify;\"><strong>Accommodation:<\/strong><\/p>\n<p style=\"text-align: justify;\">Voici les h\u00f4tels que nous avons contact\u00e9s afin d&#8217;obtenir des prix sp\u00e9ciaux pour les conf\u00e9renciers.\u00a0Cliquez <a href=\"http:\/\/dsc.unisa.it\/lgcwp\/hotel.pdf\" target=\"_blank\">ici<\/a> pour t\u00e9l\u00e9charger la liste<\/p>\n<p style=\"text-align: justify;\">Pour r\u00e9server une chambre avec ces prix sp\u00e9ciaux, vous devez identifier comme venant \u00e0 la conf\u00e9rence.<\/p>\n<p style=\"text-align: justify;\">Pour une meilleure notion de tout ce qui se trouve ont \u00e9t\u00e9, voici un lien avec la carte de l&#8217;emplacement de tous les h\u00f4tels ci-dessous:<\/p>\n<p style=\"text-align: justify;\"><strong><a href=\"http:\/\/goo.gl\/maps\/q8dJG\">http:\/\/goo.gl\/maps\/q8dJG<\/a><\/strong><\/p>\n","protected":false},"excerpt":{"rendered":"<p>Comment arriver \u00e0 Faro: Faro (FAO) a\u00e9roport peut \u00eatre atteint \u00e0 partir de toutes les grandes villes europ\u00e9ennes\u00a0et il ya plusieurs connexions par Lisbonne. Vous pouvez \u00e9galement prendre un train ou un bus de Lisbonne (3 heures). Les trains partent &hellip; <a href=\"http:\/\/dsc.unisa.it\/lgcwp\/?page_id=63\">Continua a leggere<span class=\"meta-nav\">&rarr;<\/span><\/a><\/p>\n","protected":false},"author":1,"featured_media":0,"parent":0,"menu_order":0,"comment_status":"closed","ping_status":"closed","template":"sidebar-page.php","meta":[],"_links":{"self":[{"href":"http:\/\/dsc.unisa.it\/lgcwp\/index.php?rest_route=\/wp\/v2\/pages\/63"}],"collection":[{"href":"http:\/\/dsc.unisa.it\/lgcwp\/index.php?rest_route=\/wp\/v2\/pages"}],"about":[{"href":"http:\/\/dsc.unisa.it\/lgcwp\/index.php?rest_route=\/wp\/v2\/types\/page"}],"author":[{"embeddable":true,"href":"http:\/\/dsc.unisa.it\/lgcwp\/index.php?rest_route=\/wp\/v2\/users\/1"}],"replies":[{"embeddable":true,"href":"http:\/\/dsc.unisa.it\/lgcwp\/index.php?rest_route=%2Fwp%2Fv2%2Fcomments&post=63"}],"version-history":[{"count":7,"href":"http:\/\/dsc.unisa.it\/lgcwp\/index.php?rest_route=\/wp\/v2\/pages\/63\/revisions"}],"predecessor-version":[{"id":183,"href":"http:\/\/dsc.unisa.it\/lgcwp\/index.php?rest_route=\/wp\/v2\/pages\/63\/revisions\/183"}],"wp:attachment":[{"href":"http:\/\/dsc.unisa.it\/lgcwp\/index.php?rest_route=%2Fwp%2Fv2%2Fmedia&parent=63"}],"curies":[{"name":"wp","href":"https:\/\/api.w.org\/{rel}","templated":true}]}}